19 is divided by j?
5
Suppose -65 - 63 = -4*d. Suppose -3*j - 2*u + 40 = 0, -4*u + d = j + 2*j. What is the remainder when 46 is divided by j?
14
Let q be ((0 - 7) + 1)*2. Let i(v) = v + 27. What is the remainder when i(q) is divided by 6?
3
Suppose 6*j - 2*j - 44 = 0. Suppose 5*q = -5*h - 15, 5*h + 21 = 5*q - 4*q. What is the remainder when (-86)/h - (-7)/(-14) is divided by j?
10
Calculate the remainder when 53 is divided by (-1*2)/(14/(-196)).
25
Let t(o) = 5*o**2 + 2*o. What is the remainder when t(2) is divided by (2/(-6))/(4*4/(-624))?
11
Let o(d) = d. Let c be o(-3). What is the remainder when (22*c)/(-2) - 2 is divided by 8?
7
Let s(g) = 6*g - 2. What is the remainder when 83 is divided by s(4)?
17
Suppose -2*p + v + 0*v = -2, -3*p = 2*v - 10. Suppose 0 = -p*f + 5*u + 34, 3*f + 3*u - 2 = f. What is the remainder when 12 is divided by f?
5
Suppose 8*b - 84 = 4. Calculate the remainder when 85 is divided by b.
8
What is the remainder when (((-408)/(-10))/3)/(4/10) is divided by 20?
14
Suppose -3*c - 3*t + 43 = -c, 5*c - 4*t = 142. Calculate the remainder when c is divided by 9.
8
Suppose 0 - 2 = -4*s - 5*u, 4*s - u - 14 = 0. Suppose 0 = -s*p + 100 + 209. Calculate the remainder when p is divided by 26.
25
Suppose 56 = -2*a + 6*a. What is the remainder when 39 is divided by a?
11
Suppose 2*j - o - 10 = 0, 0 = -0*j + j - 5*o - 14. Suppose 5 = 2*h + 4*z - 21, 5*z - 50 = -5*h. What is the remainder when h is divided by j?
3
Suppose -n - 23 = -70. What is the remainder when n is divided by 25?
22
Suppose -2*b + 5*b - 5*i = -3, -17 = -2*b - 3*i. Suppose -25 = -b*h - 5. Calculate the remainder when 17 is divided by h.
2
Let n(i) = 3*i**2 - 3*i - 5. What is the remainder when n(6) is divided by 22?
19
What is the remainder when 50 is divided by (-19 - -14) + (0 - -22)?
16
Calculate the remainder when 54 is divided by (-194)/(-10) - (-6)/(-15).
16
Let v be ((-18)/(-7))/(4/(-28)). What is the remainder when 3/v - (-2401)/42 is divided by 15?
12
Let a = 4 + -6. Let b be -1 + 3 + a/(-1). Suppose -2*h = 3*f - b*f + 71, 2*h + 315 = 5*f. Calculate the remainder when f is divided by 21.
19
Let p(i) = 7*i - 1. Let k(s) = 5*s + 5*s - 1 - 4*s. Let c(y) = 4*k(y) - 3*p(y). What is the remainder when 5 is divided by c(1)?
1
Let g(c) = -17*c. What is the remainder when g(-3) is divided by 19?
13
Let a be (2 + 3)/(-3 + 2). Let p = 2 - a. Calculate the remainder when 20 is divided by p.
6
Let d be (-2)/(-10) + (-672)/10. Let i = d + 161. Suppose 3*f - i = -2*v, 2*f + 2*f = -4*v + 184. What is the remainder when v is divided by 15?
14
Suppose 3*c = 4*s - 23 - 9, 5*s - 59 = -c. Let l be ((-4)/(-8))/(1/36). Let f = l + 3. What is the remainder when f is divided by s?
10
Suppose -5*m + 52 - 279 = 3*t, 3*m + 133 = -t. Let r = -18 - m. Suppose r - 3 = j. Calculate the remainder when j is divided by 12.
10
Let i(o) = -3*o - 10. Let h = 9 - -146. Suppose -h = 4*a - 9*a. Calculate the remainder when a is divided by i(-7).
9
Suppose -2*c - 4 + 44 = 0. Suppose c - 3 = z. Calculate the remainder when z is divided by 10.
7
Let z = -9 - -15. Suppose 0 = z*v - 2*v - 20. What is the remainder when 6 is divided by v?
1
Let r(z) = 4*z + 17 - 2 + 2*z - 5. Let a be r(-7). Let i = -15 - a. What is the remainder when i is divided by 6?
5
Let c(d) = 3*d + 3. Let w be c(-2). Calculate the remainder when 62 + w - 4 - -2 is divided by 20.
17
Let a = 0 + 5. What is the remainder when 7 is divided by a?
2
Let d = 7 - 2. Suppose 4*z - 3*z + j + 2 = 0, -d*z + 2 = j. Calculate the remainder when 13 is divided by z*(-3 - -4) + 3.
1
Let m = 45 + -22. What is the remainder when 68 is divided by m?
22
Suppose 5*u - 4*k = 13, 3*u - 4*k = 3 + 8. Calculate the remainder when 2 is divided by 2*u + 0/(-1).
0
Suppose 3*p - 5 - 10 = 0. What is the remainder when 8 is divided by p?
3
Suppose -30 = -3*i + 45. Let o = i + -8. What is the remainder when 49 is divided by o?
15
Suppose -o = 3, -o - o = -2*w + 144. Suppose 2*g = r + w, -g - 3*r = 4*g - 145. Calculate the remainder when g is divided by 11.
10
Suppose -75 = -4*i + 233. Let t = -42 + i. Calculate the remainder when t is divided by 12.
11
Let r be ((-9)/(-15))/((-2)/(-30)). Let g = 16 - r. What is the remainder when 25 is divided by 93/g + 2/(-7)?
12
Suppose -2 = 5*i - 4*t - 67, 26 = 2*i - 3*t. Let o = 294 - 174. Suppose v - o = -4*v. Calculate the remainder when v is divided by i.
11
Suppose 0 = -3*d + 5 + 4. What is the remainder when 30 is divided by (-470)/(-30) + 1/d?
14
Let r = 16 - 8. Suppose 3*s = -2*i - 2, -3*i + r + 11 = -s. Let j(d) = -d**3 + 7*d**2 + 3*d - 4. What is the remainder when j(7) is divided by i?
2
What is the remainder when (-1*3)/(15/(-695)) is divided by 11?
7
Suppose -s + 53 = -0*s. Suppose -14*j = -11*j - 6. Suppose 0 = j*f - 5*w - 18, -5*f - 3*w - 64 = -10*f. What is the remainder when s is divided by f?
11
Let l(x) = x**2 - 37*x + 43. What is the remainder when 62 is divided by l(36)?
6
Suppose 5*u - 40 = u. Suppose 399 - 119 = 10*d. Calculate the remainder when d is divided by u.
8
Suppose 0*g + 9 = 3*g. Suppose -g*a + 28 = -2. Calculate the remainder when 18 is divided by a.
8
Let y be 3*(-28)/(-3)*1. Let j = y - -8. Calculate the remainder when j is divided by 13.
10
Suppose 36 = v - 45. Suppose s - 28 = 3*y, -4*s - 5*y = 13 - 125. Calculate the remainder when v is divided by s.
25
Suppose 0 = -4*o + 12, n - 88 = 2*o + 2. Calculate the remainder when n is divided by 20.
16
Suppose 0 = r - 19 - 11. What is the remainder when 88 is divided by r?
28
Let h = 207 - 194. Calculate the remainder when (-1 - 10/4)*-14 is divided by h.
10
Suppose -4*l + 9*l - 14 = 3*t, -2*t - 4*l + 20 = 0. Let y(n) = n**2 + 2. Let r be y(t). Suppose 5*v = r + 4. What is the remainder when 4 is divided by v?
0
Suppose -4*d + 68 = -4*p, -4*d + 7*p + 66 = 4*p. Calculate the remainder when 29 is divided by d.
14
Let r(t) = -t**3 - 14*t**2 + 12*t + 4. What is the remainder when r(-15) is divided by 17?
15
Let k(q) = -q**2 - 6*q + 4. Let b(w) = 4*w + 3. Calculate the remainder when b(3) is divided by k(-6).
3
Let h be (-3)/(-4) - (-10539)/(-36). What is the remainder when 42 is divided by h/(-20) + 2/5?
12
Let t be (-1 + -17)*5/(-15). Suppose -8*w = -t*w - 36. Let i = 18 - 11. What is the remainder when w is divided by i?
4
Let n = -3 + 9. Let f be (-4)/(-8)*-2*4. Let l = n + f. Calculate the remainder when 4 is divided by l.
0
Suppose 3*c = v - 1 + 2, v + 1 = -4*c. Suppose -5*f + 2*f + 30 = c. Let w = 1 + 3. Calculate the remainder when f is divided by w.
2
Let o(l) = 2*l**2 + 2*l + 5. Calculate the remainder when 114 is divided by o(3).
27
Suppose -5*r + r = -20. Suppose r*j + 0*j - 70 = 0. What is the remainder when (-3 - 2/(-2)) + 55 is divided by j?
11
Suppose -m = -7 - 50. Let b = -14 + m. What is the remainder when b is divided by 9?
7
Suppose k = 3*x - 32, 4*x - 46 = -0*x - 2*k. Suppose 3*s = -2*m + 143, -6*s + x*s + 4*m = 239. What is the remainder when s is divided by 10?
7
Let y(x) = -12*x - 11. What is the remainder when y(-14) is divided by 32?
29
Suppose 3*p = -2*p + 440. Suppose 2*m - 44 = 2*v, 4*m - 2*v + 2 = p. Calculate the remainder when m is divided by 4.
1
Let u = 80 - 67. What is the remainder when 180 is divided by u?
11
Suppose -5*j + 245 = 5*h, 0 = -h - h + 5*j + 98. What is the remainder when h is divided by 25?
24
Let w = -25 - -27. What is the remainder when 3 is divided by w?
1
Suppose 4*r = -5*g + 39, 3*g - 2*r - 21 = -2. Let p(o) = -g*o**2 + o**3 + o**2 + o + 2 + 0*o. What is the remainder when p(7) is divided by 20?
18
Let t = -15 - -13. Let x be (-1)/2 + 206/(-4). Calculate the remainder when 24 is divided by (3/6)/(t/x).
11
Let k(v) = v**3 + 7*v**2 - 9*v + 2. Suppose y = 2*y - 24. Suppose 4*c = 5*c + 5*n - 18, 2*n = -c + y. What is the remainder when c is divided by k(-8)?
8
Let y(i) = i + 5. Calculate the remainder when (-2)/5 - (-126)/15 is divided by y(0).
3
Let f(c) = -2*c**2 + 15*c - 5. Suppose 0 = -3*r + 4 + 2. Suppose q = -r*q + 21. Calculate the remainder when f(6) is divided by q.
6
Let b(m) = 8*m - 6. Calculate the remainder when b(4) is divided by 9.
8
Let x = -92 - -66. Suppose 39 = 5*a - 81. What is the remainder when a is divided by x/195 + (-394)/(-30)?
11
Let g be 4/(-12) - (-2)/6. Let d = g -